 of 5506504 and 38760.
2584
What is the greatest common divisor of 337425 and 35475?
825
What is the greatest common divisor of 64538152 and 2678?
206
What is the greatest common factor of 12178 and 35746?
2
Calculate the highest common factor of 760039092 and 6399.
2133
What is the highest common divisor of 9540307 and 2779?
2779
What is the highest common divisor of 67115 and 6665?
155
What is the greatest common factor of 1788566 and 75660?
26
Calculate the greatest common divisor of 1078 and 9174319.
539
What is the greatest common factor of 712663866 and 54?
54
Calculate the greatest common divisor of 530311 and 10603.
23
Calculate the highest common divisor of 462 and 3969911.
11
Calculate the greatest common divisor of 293760 and 150.
30
Calculate the greatest common divisor of 19074754 and 730.
146
What is the greatest common factor of 10952 and 271220804?
5476
What is the highest common divisor of 11482602 and 4272?
534
Calculate the highest common factor of 48 and 121146360.
24
What is the highest common divisor of 521280 and 6168?
24
What is the highest common factor of 259 and 380836449?
259
What is the greatest common divisor of 139152 and 58864?
208
What is the greatest common divisor of 1070488635 and 15?
15
What is the highest common factor of 6624 and 127056?
48
Calculate the greatest common divisor of 893100 and 1712100.
3900
What is the highest common divisor of 3595991991 and 11131?
11131
Calculate the highest common factor of 2049 and 49977159.
2049
What is the highest common factor of 179978 and 23?
1
What is the highest common factor of 64251 and 462206?
59
Calculate the greatest common factor of 470859 and 11253.
93
Calculate the greatest common divisor of 290720 and 413540.
460
What is the greatest common divisor of 1126 and 11444664?
1126
What is the greatest common factor of 1440050 and 14940?
830
Calculate the highest common factor of 384 and 32773056.
192
What is the greatest common factor of 1233157 and 428450?
779
What is the highest common divisor of 68954688 and 132?
132
What is the highest common factor of 30989914 and 298?
298
Calculate the highest common divisor of 561 and 5690597.
187
What is the greatest common divisor of 72 and 4331547?
9
Calculate the greatest common factor of 3268 and 71988321.
817
Calculate the highest common divisor of 11400282 and 5334.
762
Calculate the greatest common factor of 89076020 and 1860.
620
What is the highest common divisor of 239217733 and 92?
23
What is the greatest common divisor of 38 and 14044116?
38
What is the greatest common divisor of 144 and 509916696?
24
What is the highest common divisor of 802085 and 10?
5
What is the highest common divisor of 1556100 and 2519244?
3276
Calculate the highest common factor of 104356 and 6804.
28
Calculate the greatest common divisor of 2590810 and 20.
10
What is the greatest common divisor of 38542257 and 351?
351
Calculate the greatest common factor of 4582 and 588606011.
2291
What is the greatest common divisor of 216 and 3128952?
24
What is the greatest common divisor of 8357179 and 43?
43
Calculate the highest common factor of 646 and 639236.
38
Calculate the highest common factor of 8112 and 142974.
1014
Calculate the highest common factor of 1002 and 6642926.
334
Calculate the greatest common factor of 6045783 and 2321.
211
Calculate the greatest common factor of 283608 and 4176.
72
Calculate the greatest common divisor of 5694 and 5510916.
438
What is the greatest common factor of 30580 and 132643530?
1390
What is the highest common divisor of 7178994 and 72?
18
What is the greatest common factor of 231180594 and 424?
106
Calculate the greatest common factor of 340 and 93700.
20
Calculate the highest common divisor of 60447700 and 16.
4
Calculate the highest common factor of 9292045 and 152.
19
Calculate the greatest common factor of 12416 and 3212288.
128
Calculate the highest common factor of 16 and 76074976.
16
What is the highest common factor of 163856 and 15238?
38
Calculate the highest common factor of 804 and 13908396.
804
What is the greatest common factor of 683664 and 144?
48
What is the greatest common divisor of 52684436 and 504?
28
Calculate the greatest common factor of 1347725 and 83731.
1147
What is the highest common divisor of 411230 and 84050?
410
What is the greatest common divisor of 6180 and 308794?
206
Calculate the highest common factor of 1552712 and 9792.
136
Calculate the highest common divisor of 1449 and 70182.
63
Calculate the highest common factor of 39 and 39033033.
39
Calculate the greatest common factor of 529914 and 323491.
259
Calculate the highest common factor of 481824 and 1378791.
2151
Calculate the greatest common factor of 1041912 and 10344.
24
What is the highest common factor of 14864 and 96496?
16
Calculate the highest common divisor of 104330496 and 4352.
4352
What is the highest common factor of 14875138 and 114?
38
Calculate the greatest common factor of 5801589 and 1081.
23
Calculate the greatest common factor of 203252 and 2898007.
833
Calculate the greatest common factor of 6113367 and 1188.
27
What is the highest common divisor of 114851 and 68950?
197
Calculate the highest common divisor of 112316 and 1308612.
2612
What is the highest common factor of 10 and 50493995?
5
Calculate the highest common divisor of 1729 and 392242669.
1729
Calculate the greatest common factor of 203098092 and 564.
564
Calculate the greatest common factor of 3822610 and 139810.
3410
What is the highest common factor of 43005237 and 33?
33
Calculate the greatest common divisor of 10522170 and 8370.
270
Calculate the highest common factor of 2700 and 21100.
100
Calculate the highest common factor of 332586 and 1242.
54
What is the greatest common divisor of 896517 and 1775?
71
What is the highest common factor of 1679 and 2688263?
23
Calculate the greatest common factor of 218040 and 348.
12
Calculate the highest common factor of 4873 and 284779.
11
What is the highest common factor of 544232 and 16328?
104
What is the highest common divisor of 37297100 and 500?
100
What is the greatest common factor of 1661517 and 78?
39
Calculate the highest common factor of 10290 and 12900230.
3430
Calculate the greatest common factor of 1278 and 1272294.
18
What is the highest common factor of 86 and 72601673?
43
What is the greatest common divisor of 1786082 and 2?
2
What is the greatest common factor of 410384 and 6383?
13
Calculate the greatest common factor of 36880 and 155860.
20
What is the greatest common factor of 254640 and 104490?
30
What is the greatest common factor of 4407680 and 22000?
80
What is the highest common divisor of 46222 and 270838?
382
What is the highest common divisor of 54 and 162103518?
54
Calculate the greatest common divisor of 3050 and 3568134.
122
What is the greatest common factor of 59674180 and 20?
20
Calculate the highest common factor of 656 and 26855024.
16
Calculate the greatest common divisor of 4820666 and 762.
254
What is the highest common divisor of 1248 and 99356448?
96
Calculate the greatest common factor of 1835824 and 93586.
1282
Calculate the highest common factor of 1370404 and 196.
28
What is the greatest common divisor of 6028568 and 5488?
2744
Calculate the highest common factor of 714 and 1457002.
34
What is the greatest common divisor of 25699 and 55543?
829
What is the highest common divisor of 122035539 and 3174?
1587
What is the greatest common factor of 208509 and 17031?
21
Calculate the greatest common factor of 28840228 and 544.
68
Calculate the greatest common factor of 7592 and 6214052.
3796
Calculate the greatest common factor of 9 and 62355132.
9
What is the greatest common divisor of 157923095 and 22220?
5555
What is the greatest common divisor of 54 and 1422090?
54
Calculate the highest common factor of 8496 and 954144.
144
Calculate the highest common divisor of 7011 and 112935525.
2337
Calculate the greatest common factor of 1700856 and 882.
18
Calculate the highest common factor of 40872913 and 17.
17
Calculate the greatest common divisor of 224702 and 131407.
397
Calculate the greatest common factor of 6448 and 13042072.
248
Calculate the greatest common factor of 9132925 and 80800.
2525
Calculate the highest common divisor of 2